{"version":"1.0","provider_name":"OcasionPlus Blog","provider_url":"https:\/\/www.ocasionplus.com\/noticias","author_name":"Cristhian Gonz\u00e1lez","author_url":"https:\/\/www.ocasionplus.com\/noticias\/author\/cristhian\/","title":"Nuevo BMW X3: Un SUV con nuevo dise\u00f1o y motores electrificados","type":"rich","width":600,"height":338,"html":"<blockquote class=\"wp-embedded-content\" data-secret=\"sgRCYev1dj\"><a href=\"https:\/\/www.ocasionplus.com\/noticias\/nuevo-bmw-x3-2024\/\">Nuevo BMW X3: Un SUV con nuevo dise\u00f1o y motores electrificados<\/a><\/blockquote><iframe sandbox=\"allow-scripts\" security=\"restricted\" src=\"https:\/\/www.ocasionplus.com\/noticias\/nuevo-bmw-x3-2024\/embed\/#?secret=sgRCYev1dj\" width=\"600\" height=\"338\" title=\"\u00abNuevo BMW X3: Un SUV con nuevo dise\u00f1o y motores electrificados\u00bb \u2014 OcasionPlus Blog\" data-secret=\"sgRCYev1dj\" frameborder=\"0\" marginwidth=\"0\" marginheight=\"0\" scrolling=\"no\" class=\"wp-embedded-content\"><\/iframe><script type=\"text\/javascript\">\n\/* <![CDATA[ *\/\n\/*! This file is auto-generated *\/\n!function(d,l){\"use strict\";l.querySelector&&d.addEventListener&&\"undefined\"!=typeof URL&&(d.wp=d.wp||{},d.wp.receiveEmbedMessage||(d.wp.receiveEmbedMessage=function(e){var t=e.data;if((t||t.secret||t.message||t.value)&&!\/[^a-zA-Z0-9]\/.test(t.secret)){for(var s,r,n,a=l.querySelectorAll('iframe[data-secret=\"'+t.secret+'\"]'),o=l.querySelectorAll('blockquote[data-secret=\"'+t.secret+'\"]'),c=new RegExp(\"^https?:$\",\"i\"),i=0;i<o.length;i++)o[i].style.display=\"none\";for(i=0;i<a.length;i++)s=a[i],e.source===s.contentWindow&&(s.removeAttribute(\"style\"),\"height\"===t.message?(1e3<(r=parseInt(t.value,10))?r=1e3:~~r<200&&(r=200),s.height=r):\"link\"===t.message&&(r=new URL(s.getAttribute(\"src\")),n=new URL(t.value),c.test(n.protocol))&&n.host===r.host&&l.activeElement===s&&(d.top.location.href=t.value))}},d.addEventListener(\"message\",d.wp.receiveEmbedMessage,!1),l.addEventListener(\"DOMContentLoaded\",function(){for(var e,t,s=l.querySelectorAll(\"iframe.wp-embedded-content\"),r=0;r<s.length;r++)(t=(e=s[r]).getAttribute(\"data-secret\"))||(t=Math.random().toString(36).substring(2,12),e.src+=\"#?secret=\"+t,e.setAttribute(\"data-secret\",t)),e.contentWindow.postMessage({message:\"ready\",secret:t},\"*\")},!1)))}(window,document);\n\/* ]]> *\/\n<\/script>\n","thumbnail_url":"https:\/\/www.ocasionplus.com\/wp-content\/uploads\/2024\/06\/BMW-X3-2024.jpg","thumbnail_width":1280,"thumbnail_height":853,"description":"Esta semana la marca alemana present\u00f3 el nuevo BMW X3, un SUV del segmento D que lidera la categor\u00eda, enfrent\u00e1ndose a modelos reconocidos como el Audi Q5 y el Mercedes GLC. El nuevo BMW X3 se desarrolla sobre la misma plataforma que la versi\u00f3n anterior, pero con la presentaci\u00f3n de motores electrificados, nuevo dise\u00f1o exterior..."}

Cristhian González

Nuevo BMW X3: Un SUV con nuevo diseño y motores electrificados

<blockquote class="wp-embedded-content" data-secret="sgRCYev1dj"><a href="https://www.ocasionplus.com/noticias/nuevo-bmw-x3-2024/">Nuevo BMW X3: Un SUV con nuevo diseño y motores electrificados</a></blockquote><iframe sandbox="allow-scripts" security="restricted" src="https://www.ocasionplus.com/noticias/nuevo-bmw-x3-2024/embed/#?secret=sgRCYev1dj" width="600" height="338" title="«Nuevo BMW X3: Un SUV con nuevo diseño y motores electrificados» — OcasionPlus Blog" data-secret="sgRCYev1dj" frameborder="0" marginwidth="0" marginheight="0" scrolling="no" class="wp-embedded-content"></iframe><script type="text/javascript">
/* <![CDATA[ */
/*! This file is auto-generated */
!function(d,l){"use strict";l.querySelector&&d.addEventListener&&"undefined"!=typeof URL&&(d.wp=d.wp||{},d.wp.receiveEmbedMessage||(d.wp.receiveEmbedMessage=function(e){var t=e.data;if((t||t.secret||t.message||t.value)&&!/[^a-zA-Z0-9]/.test(t.secret)){for(var s,r,n,a=l.querySelectorAll('iframe[data-secret="'+t.secret+'"]'),o=l.querySelectorAll('blockquote[data-secret="'+t.secret+'"]'),c=new RegExp("^https?:$","i"),i=0;i<o.length;i++)o[i].style.display="none";for(i=0;i<a.length;i++)s=a[i],e.source===s.contentWindow&&(s.removeAttribute("style"),"height"===t.message?(1e3<(r=parseInt(t.value,10))?r=1e3:~~r<200&&(r=200),s.height=r):"link"===t.message&&(r=new URL(s.getAttribute("src")),n=new URL(t.value),c.test(n.protocol))&&n.host===r.host&&l.activeElement===s&&(d.top.location.href=t.value))}},d.addEventListener("message",d.wp.receiveEmbedMessage,!1),l.addEventListener("DOMContentLoaded",function(){for(var e,t,s=l.querySelectorAll("iframe.wp-embedded-content"),r=0;r<s.length;r++)(t=(e=s[r]).getAttribute("data-secret"))||(t=Math.random().toString(36).substring(2,12),e.src+="#?secret="+t,e.setAttribute("data-secret",t)),e.contentWindow.postMessage({message:"ready",secret:t},"*")},!1)))}(window,document);
/* ]]> */
</script>

Esta semana la marca alemana presentó el nuevo BMW X3, un SUV del segmento D que lidera la categoría, enfrentándose a modelos reconocidos como el Audi Q5 y el Mercedes GLC. El nuevo BMW X3 se desarrolla sobre la misma plataforma que la versión anterior, pero con la presentación de motores electrificados, nuevo diseño exterior...
